 is -6 - 35?
-43
In base 11, what is 0 + 36?
36
In base 10, what is -5 - 777?
-782
In base 4, what is -10 + -1323?
-1333
In base 5, what is 3023 + -10?
3013
In base 4, what is 1 - 10332?
-10331
In base 12, what is 9 - -448?
455
In base 11, what is -5a0 + -8?
-5a8
In base 15, what is 3a + 6d?
a8
In base 9, what is 5615 + -2?
5613
In base 5, what is -42310 - 10?
-42320
In base 9, what is -4 + 3000?
2885
In base 15, what is -17 + -35?
-4c
In base 15, what is -3 + 76?
73
In base 9, what is -15 - 7?
-23
In base 9, what is 12 + -25?
-13
In base 6, what is -5 + -2351?
-2400
In base 15, what is -192 + -8?
-19a
In base 10, what is 15 - -41?
56
In base 3, what is -22022 + -2?
-22101
In base 11, what is -2 + 68?
66
In base 13, what is -635 - -5?
-630
In base 13, what is b + -25a?
-24c
In base 15, what is 4 - 30?
-2b
In base 11, what is 376 - -5?
380
In base 10, what is 14813 - -2?
14815
In base 13, what is -b057 + -3?
-b05a
In base 9, what is -4 - 276?
-281
In base 15, what is -dd2 - 5?
-dd7
In base 10, what is -4 - 1004?
-1008
In base 14, what is -1 - -35?
34
In base 2, what is 1001011 - -10101?
1100000
In base 3, what is 10 - 2200?
-2120
In base 13, what is -c1 - 3?
-c4
In base 5, what is -12332 - -3?
-12324
In base 5, what is -12 + 44?
32
In base 7, what is -3331 + 0?
-3331
In base 7, what is -60 + -3?
-63
In base 2, what is -100000101 - 101?
-100001010
In base 10, what is -1981 + 4?
-1977
In base 5, what is 113 - 20?
43
In base 5, what is -30 + -3?
-33
In base 5, what is -2 - -22233?
22231
In base 4, what is -2 - -102323?
102321
In base 5, what is -24 - -22?
-2
In base 5, what is 131040 - -2?
131042
In base 9, what is 380 - 2?
377
In base 2, what is 110 + -10111?
-10001
In base 15, what is 85 - 4?
81
In base 5, what is 1043 + -33?
1010
In base 5, what is -22211 - -4?
-22202
In base 6, what is 1 + 520?
521
In base 8, what is 230 + 75?
325
In base 2, what is -100011 + 101?
-11110
In base 15, what is -3d3 + -4?
-3d7
In base 8, what is 331 + -5?
324
In base 5, what is -3 - 123?
-131
In base 6, what is 1405 + 31?
1440
In base 8, what is -6 - -1517?
1511
In base 11, what is 42 + 4?
46
In base 16, what is -c1f - 0?
-c1f
In base 6, what is -143 - 3?
-150
In base 5, what is -3 - -42?
34
In base 14, what is 2 + 10b?
10d
In base 5, what is 2 + -3434?
-3432
In base 15, what is -3 - 19?
-1c
In base 16, what is -1 + 4c?
4b
In base 15, what is -1 + eb?
ea
In base 15, what is c - -20?
2c
In base 10, what is -1813 - -9?
-1804
In base 13, what is 1c6 + 0?
1c6
In base 6, what is -5 - -1051?
1042
In base 9, what is 20 + -73?
-53
In base 14, what is -8c + -4?
-92
In base 15, what is -e + 6b?
5c
In base 9, what is -2047 + 2?
-2045
In base 16, what is 2 - f1?
-ef
In base 13, what is -1bb4 + 1?
-1bb3
In base 11, what is -10 + -877?
-887
In base 11, what is -2 + -2060?
-2062
In base 15, what is 3e - 6b?
-2c
In base 10, what is 16 + 54?
70
In base 12, what is 84 - 61?
23
In base 5, what is -1123001 - 2?
-1123003
In base 3, what is -221 - 2111?
-10102
In base 15, what is -14 + -44a?
-45e
In base 14, what is 5 - b9?
-b4
In base 11, what is -39115 - 4?
-39119
In base 16, what is 1 + 11?
12
In base 12, what is 60 - -9?
69
In base 16, what is 2 - 4dc?
-4da
In base 16, what is -54 - 2?
-56
In base 6, what is 15024 - 5?
15015
In base 7, what is 260 + -6?
251
In base 10, what is -4 - -806?
802
In base 15, what is 2c1 + 0?
2c1
In base 3, what is 101202211 + 10?
101202221
In base 6, what is -111352 + 2?
-111350
In base 16, what is 0 + 657?
657
In base 11, what is -6 - 1837?
-1842
In base 3, what is -2 - -2010001?
2002222
In base 14, what is 82 - 4?
7c
In base 3, what is 11020 - -20112?
101202
In base 3, what is 10 + -101?
-21
In base 4, what is 1002 - 131?
211
In base 13, what is -764 - -1?
-763
In base 3, what is 12 - -112?
201
In base 15, what is 2 - 31?
-2e
In base 16, what is 7d3 + 2?
7d5
In base 8, what is -323 + -4?
-327
In base 6, what is 55243 - -1?
55244
In base 2, what is -1000 - -1000?
0
In base 10, what is -66 - 10?
-76
In base 14, what is a - 342?
-336
In base 13, what is -9c - -78?
-24
In base 4, what is 311 - -110?
1021
In base 14, what is -3 - -9?
6
In base 11, what is -139a - -2?
-1398
In base 9, what is 12 - 0?
12
In base 3, what is 100 - 111201?
-111101
In base 7, what is 3 - 34?
-31
In base 5, what is 1343 + 0?
1343
In base 9, what is -204 - 10?
-214
In base 16, what is 1 + 723?
724
In base 12, what is -4 - 34?
-38
In base 15, what is d - 7?
6
In base 5, what is 2230 - 3?
2222
In base 12, what is 4 - 1?
3
In base 2, what is 0 - 1100110?
-1100110
In base 9, what is 68 - 3?
65
In base 15, what is 33 - a?
28
In base 15, what is -2 - -31?
2e
In base 4, what is -10 + 3212?
3202
In base 8, what is -14 - 10?
-24
In base 6, what is -15 - 5?
-24
In base 10, what is -291 - -3?
-288
In base 6, what is -5 + 20?
11
In base 8, what is -2 - -1277?
1275
In base 4, what is 3112 + 0?
3112
In base 11, what is -a7 + -16?
-112
In base 4, what is -11 - 1123?
-1200
In base 9, what is -218 - 2?
-221
In base 14, what is c2 - 5a?
66
In base 8, what is 23 + -42?
-17
In base 8, what is 240 - -3?
243
In base 16, what is 2 + 10?
12
In base 3, what is 10 + 101000?
101010
In base 7, what is 52 + 2222?
2304
In base 14, what is 8 + -1b9?
-1b1
In base 7, what is 444 - 1?
443
In base 11, what is 9a5 + 3?
9a8
In base 9, what is -1 + 0?
-1
In base 14, what is 18 + 4?
1c
In base 3, what is -11 - -2022?
2011
In base 12, what is 3b + -9?
32
In base 10, what is -11797 - -1?
-11796
In base 4, what is 2 + 31?
33
In base 13, what is 2b8 - -1?
2b9
In base 8, what is 2 + -313?
-311
In base 14, what is -2 + -2?
-4
In base 3, what is -2100012 + -100?
-2100112
In base 11, what is -436 + 3?
-433
In base 5, what is 33 + -12?
21
In base 15, what is 3 - 14?
-11
In base 9, what is -16 + -788?
-815
In base 5, what is 4 - -2323?
2332
In base 2, what is -11000 - 101000100?
-101011100
In base 11, what is -10 + 63a?
62a
In base 13, what is 6 - -15a?
163
In base 5, what is -3102 - 0?
-3102
In base 2, what is 1001010001 + -101?
1001001100
In base 12, what is -5 - 296?
-29b
In base 12, what is -6 + -6a?
-74
In base 4, what is -13313010 - -2?
-13313002
In base 14, what is -3 + -42?
-45
In base 7, what is -5 - -124?
116
In base 10, what is -3741 + 0?
-3741
In base 13, what is 1bb + 0?
1bb
In base 15, what is -6e - -1?
-6d
In base 2, what is -1010001 - 101?
-1010110
In base 7, what is 14 + -15?
-1
In base 14, what is -10 - 107?
-117
In base 14, what is -64a + -5?
-651
In base 11, what is -2a2 + 2?
-2a0
In base 6, what is -2 - -245?
243
In base 16, what is 28 + -3?
25
In base 9, what is 3 + 84?
87
In base 16, what is 42 - -3?
45
In base 9, what is 370 + -2?
367
In base 8, what is 0 - -616?
616
In base 6, what is -5 + -20343?
-20352
In base 6, what is -34215 + -4?
-34223
In base 9, what is 7 + -4180?
-4172
In base 11, what is -2152 - 0?
-2152
In base 8, what is -2503 - 1?
-2504
In base 5, what is 11110 + -3?
11102
In base 2, what is 100000001 + 101?
100000110
In base 13, what is -26a + 1?
-269
In base 8, what is -127 + -4?
-133
In base 15, what is 1 - 24?
-23
In base 5, what is 10 - -20?
30
In base 4, what is -20321 + -2?
-20323
In base 10, what is 4 - 1428?
-1424
In base 14, what is 28a + 4?
290
In base 5, what is -1 + 102?
101
In base 16, what is 8 - 85?
-7d
In base 9, what is -1364 + 2?
-1362
In base 14, what is 4a1 - 7?
498
In base 16, what is 1 + -a5?
-a4
In base 13, what is -3 - -1336?
1333
In base 7, what is 22262 - -4?
22266
In base 9, what is 56 - -3?
60
In base 11, what is 2 - 587?
-585
In base 5, what is -14 - 1?
-20
In base 3, what is 0 + -12020112?
-12020112
In base 3, what is 1000 - -112?
1112
In base 5, what is 14400 + -10?
14340
In base 8, what is 1 + 457?
460
In base 11, what is 1 - 26?
-25
In base 15, what is -13ca - 1?
-13cb
In base 16, what is -1 + -9bd?
-9be
In base 5, what is -2 - -20103?
20101
In base 3, what is -20 - -210222?
210202
In base 7, what is -5 + 25?
20
In base 12, what is 2 + -13?
-11
In base 10, what is -1 + -311?
-312
In base 12, what is 61 - -1?
62
In base 16, what is -12f1 - 2?
-12f3
In base 11, what is -5 - 0?
-5
In base 9, what is 144 - 5?
138
In base 6, what is -5 - 20415?
-20424
In base 12, what is -283 - 2?
-285
In base 15, what is -b - -2?
-9
In base 8, what is 110 + -70?
20
In base 